{"id":290,"date":"2026-01-14T02:54:53","date_gmt":"2026-01-14T01:54:53","guid":{"rendered":"https:\/\/438255.cms-pedago.uco.fr\/?page_id=290"},"modified":"2026-01-16T15:33:31","modified_gmt":"2026-01-16T14:33:31","slug":"web-multimedia","status":"publish","type":"page","link":"https:\/\/portfoliodelounamarin.com\/?page_id=290","title":{"rendered":"WEB &amp; Multim\u00e9dia"},"content":{"rendered":"\n<div style=\"height:2px\" aria-hidden=\"true\" class=\"wp-block-spacer\"><\/div>\n\n\n\n<div id=\"wp-block-themeisle-blocks-font-awesome-icons-0306cd7f\" class=\"wp-block-themeisle-blocks-font-awesome-icons\"><span class=\"wp-block-themeisle-blocks-font-awesome-icons-container nan-padding\"><a href=\"https:\/\/portfoliodelounamarin.com\/?page_id=29\" target=\"_self\" rel=\"noopener noreferrer\"><i class=\"fas fa-arrow-left\"><\/i><\/a><\/span><\/div>\n\n\n\n<h2 class=\"wp-block-heading has-text-align-center is-style-text-annotation has-accent-4-background-color has-background has-medium-font-size is-style-text-annotation--1\">Explorez mes r\u00e9alisations num\u00e9riques : sites web, applications, contenus pour les r\u00e9seaux sociaux et montages vid\u00e9os. Ces projets montrent ma ma\u00eetrise des outils digitaux et des formats actuels de communication.<\/h2>\n\n\n\n<div style=\"height:40px\" aria-hidden=\"true\" class=\"wp-block-spacer\"><\/div>\n\n\n\n<h2 class=\"wp-block-heading alignwide has-text-align-center\"><strong>MES MEILLEURS CONTENUS SUR LES R\u00c9SEAUX SOCIAUX<br>(stories et publications)<\/strong><\/h2>\n\n\n\n<hr class=\"wp-block-separator has-alpha-channel-opacity\"\/>\n\n\n\n<div style=\"height:20px\" aria-hidden=\"true\" class=\"wp-block-spacer\"><\/div>\n\n\n\n<div class=\"wp-block-columns alignwide is-layout-flex wp-container-core-columns-is-layout-28f84493 wp-block-columns-is-layout-flex\">\n<div class=\"wp-block-column is-layout-flow wp-block-column-is-layout-flow\">\n<div id=\"wp-block-themeisle-blocks-slider-ef18da71\" class=\"wp-block-themeisle-blocks-slider glide\" data-per-view=\"1\" data-gap=\"0\" data-peek=\"0\" data-autoplay=\"true\" data-height=\"191px\" data-hide-arrows=\"true\"><div class=\"glide__track\" data-glide-el=\"track\"><div class=\"glide__slides\"><div class=\"wp-block-themeisle-blocks-slider-item-wrapper glide__slide\" tabindex=\"0\"><figure><img decoding=\"async\" class=\"wp-block-themeisle-blocks-slider-item\" src=\"https:\/\/portfoliodelounamarin.com\/wp-content\/uploads\/2026\/01\/7.png\" alt=\"\" title=\"\" data-id=\"446\"><\/figure><\/div><div class=\"wp-block-themeisle-blocks-slider-item-wrapper glide__slide\" tabindex=\"0\"><figure><img decoding=\"async\" class=\"wp-block-themeisle-blocks-slider-item\" src=\"https:\/\/portfoliodelounamarin.com\/wp-content\/uploads\/2026\/01\/8.png\" alt=\"\" title=\"\" data-id=\"447\"><\/figure><\/div><\/div><\/div><\/div>\n<\/div>\n\n\n\n<div class=\"wp-block-column is-layout-flow wp-block-column-is-layout-flow\">\n<figure class=\"wp-block-image size-large has-custom-border\"><img loading=\"lazy\" decoding=\"async\" width=\"1024\" height=\"576\" src=\"https:\/\/portfoliodelounamarin.com\/wp-content\/uploads\/2026\/01\/BDE-exemple-portefolio-1024x576.png\" alt=\"\" class=\"wp-image-523\" style=\"border-top-left-radius:30px;border-top-right-radius:30px;border-bottom-left-radius:30px;border-bottom-right-radius:30px\" title=\"\" srcset=\"https:\/\/portfoliodelounamarin.com\/wp-content\/uploads\/2026\/01\/BDE-exemple-portefolio-1024x576.png 1024w, https:\/\/portfoliodelounamarin.com\/wp-content\/uploads\/2026\/01\/BDE-exemple-portefolio-300x169.png 300w, https:\/\/portfoliodelounamarin.com\/wp-content\/uploads\/2026\/01\/BDE-exemple-portefolio-768x432.png 768w, https:\/\/portfoliodelounamarin.com\/wp-content\/uploads\/2026\/01\/BDE-exemple-portefolio-1536x864.png 1536w, https:\/\/portfoliodelounamarin.com\/wp-content\/uploads\/2026\/01\/BDE-exemple-portefolio.png 1920w\" sizes=\"auto, (max-width: 1024px) 100vw, 1024px\" \/><\/figure>\n<\/div>\n\n\n\n<div class=\"wp-block-column is-layout-flow wp-block-column-is-layout-flow\">\n<div id=\"wp-block-themeisle-blocks-slider-7fe0d93c\" class=\"wp-block-themeisle-blocks-slider glide\" data-per-view=\"1\" data-gap=\"0\" data-peek=\"0\" data-autoplay=\"true\" data-height=\"191px\" data-hide-arrows=\"true\"><div class=\"glide__track\" data-glide-el=\"track\"><div class=\"glide__slides\"><div class=\"wp-block-themeisle-blocks-slider-item-wrapper glide__slide\" tabindex=\"0\"><figure><img decoding=\"async\" class=\"wp-block-themeisle-blocks-slider-item\" src=\"https:\/\/portfoliodelounamarin.com\/wp-content\/uploads\/2026\/01\/8-1.png\" alt=\"\" title=\"\" data-id=\"461\"><\/figure><\/div><div class=\"wp-block-themeisle-blocks-slider-item-wrapper glide__slide\" tabindex=\"0\"><figure><img decoding=\"async\" class=\"wp-block-themeisle-blocks-slider-item\" src=\"https:\/\/portfoliodelounamarin.com\/wp-content\/uploads\/2026\/01\/6-2.png\" alt=\"\" title=\"\" data-id=\"459\"><\/figure><\/div><\/div><\/div><\/div>\n<\/div>\n<\/div>\n\n\n\n<div class=\"wp-block-columns alignwide is-layout-flex wp-container-core-columns-is-layout-28f84493 wp-block-columns-is-layout-flex\">\n<div class=\"wp-block-column is-layout-flow wp-block-column-is-layout-flow\">\n<h3 class=\"wp-block-heading\"><strong>Contenus Insta<br><\/strong>\u2192 association sportive l&rsquo;ADDAN<\/h3>\n<\/div>\n\n\n\n<div class=\"wp-block-column is-layout-flow wp-block-column-is-layout-flow\">\n<h3 class=\"wp-block-heading\"><strong>Contenus Instagram<br><\/strong>\u2192 BDE Tiger&rsquo;s Hood<\/h3>\n<\/div>\n\n\n\n<div class=\"wp-block-column is-layout-flow wp-block-column-is-layout-flow\">\n<h3 class=\"wp-block-heading\"><strong>Contenus Insta et Facebook<br><\/strong>\u2192 association d&rsquo;\u0153nologie Vertivin<\/h3>\n<\/div>\n<\/div>\n\n\n\n<div style=\"height:20px\" aria-hidden=\"true\" class=\"wp-block-spacer\"><\/div>\n\n\n\n<hr class=\"wp-block-separator has-alpha-channel-opacity\"\/>\n\n\n\n<div style=\"height:20px\" aria-hidden=\"true\" class=\"wp-block-spacer\"><\/div>\n\n\n\n<div class=\"wp-block-group alignwide has-global-padding is-layout-constrained wp-block-group-is-layout-constrained\">\n<div class=\"wp-block-columns alignwide is-layout-flex wp-container-core-columns-is-layout-28f84493 wp-block-columns-is-layout-flex\">\n<div class=\"wp-block-column is-layout-flow wp-block-column-is-layout-flow\" style=\"flex-basis:500px\">\n<figure class=\"wp-block-video\"><video height=\"896\" style=\"aspect-ratio: 1272 \/ 896;\" width=\"1272\" autoplay loop muted src=\"https:\/\/portfoliodelounamarin.com\/wp-content\/uploads\/2026\/01\/landing-page.mp4\" playsinline><\/video><\/figure>\n<\/div>\n\n\n\n<div class=\"wp-block-column is-vertically-aligned-center is-layout-flow wp-block-column-is-layout-flow\">\n<h2 class=\"wp-block-heading\"><strong>One Page \/ Landing page<\/strong><\/h2>\n\n\n\n<blockquote class=\"wp-block-quote is-layout-flow wp-block-quote-is-layout-flow\">\n<h2 class=\"wp-block-heading has-small-font-size\">Site web (page unique) qui promeut une application d&rsquo;<strong>organisation et de gestion du stress<\/strong>. Un wireframe a \u00e9t\u00e9 r\u00e9alis\u00e9 en amont de la cr\u00e9ation.<\/h2>\n<\/blockquote>\n\n\n\n<p class=\"is-style-text-annotation has-small-font-size is-style-text-annotation--2\">\u2192 Maquette r\u00e9alis\u00e9e sur Figma et wireframe \u00e0 la main.<\/p>\n\n\n\n<figure data-wp-context=\"{&quot;imageId&quot;:&quot;69d454eb99fd2&quot;}\" data-wp-interactive=\"core\/image\" data-wp-key=\"69d454eb99fd2\" class=\"wp-block-image size-large is-resized has-custom-border wp-lightbox-container\"><img loading=\"lazy\" decoding=\"async\" width=\"831\" height=\"1024\" data-wp-class--hide=\"state.isContentHidden\" data-wp-class--show=\"state.isContentVisible\" data-wp-init=\"callbacks.setButtonStyles\" data-wp-on--click=\"actions.showLightbox\" data-wp-on--load=\"callbacks.setButtonStyles\" data-wp-on-window--resize=\"callbacks.setButtonStyles\" src=\"https:\/\/portfoliodelounamarin.com\/wp-content\/uploads\/2026\/01\/mockup-tel-zen-en-bulle-831x1024.png\" alt=\"\" class=\"wp-image-484\" style=\"border-top-left-radius:15px;border-top-right-radius:15px;border-bottom-left-radius:15px;border-bottom-right-radius:15px;aspect-ratio:0.8115147055544406;width:131px;height:auto\" title=\"\" srcset=\"https:\/\/portfoliodelounamarin.com\/wp-content\/uploads\/2026\/01\/mockup-tel-zen-en-bulle-831x1024.png 831w, https:\/\/portfoliodelounamarin.com\/wp-content\/uploads\/2026\/01\/mockup-tel-zen-en-bulle-243x300.png 243w, https:\/\/portfoliodelounamarin.com\/wp-content\/uploads\/2026\/01\/mockup-tel-zen-en-bulle-768x947.png 768w, https:\/\/portfoliodelounamarin.com\/wp-content\/uploads\/2026\/01\/mockup-tel-zen-en-bulle.png 1079w\" sizes=\"auto, (max-width: 831px) 100vw, 831px\" \/><button\n\t\t\tclass=\"lightbox-trigger\"\n\t\t\ttype=\"button\"\n\t\t\taria-haspopup=\"dialog\"\n\t\t\taria-label=\"Agrandir\"\n\t\t\tdata-wp-init=\"callbacks.initTriggerButton\"\n\t\t\tdata-wp-on--click=\"actions.showLightbox\"\n\t\t\tdata-wp-style--right=\"state.imageButtonRight\"\n\t\t\tdata-wp-style--top=\"state.imageButtonTop\"\n\t\t>\n\t\t\t<svg xmlns=\"http:\/\/www.w3.org\/2000\/svg\" width=\"12\" height=\"12\" fill=\"none\" viewBox=\"0 0 12 12\">\n\t\t\t\t<path fill=\"#fff\" d=\"M2 0a2 2 0 0 0-2 2v2h1.5V2a.5.5 0 0 1 .5-.5h2V0H2Zm2 10.5H2a.5.5 0 0 1-.5-.5V8H0v2a2 2 0 0 0 2 2h2v-1.5ZM8 12v-1.5h2a.5.5 0 0 0 .5-.5V8H12v2a2 2 0 0 1-2 2H8Zm2-12a2 2 0 0 1 2 2v2h-1.5V2a.5.5 0 0 0-.5-.5H8V0h2Z\" \/>\n\t\t\t<\/svg>\n\t\t<\/button><\/figure>\n<\/div>\n<\/div>\n<\/div>\n\n\n\n<div style=\"height:20px\" aria-hidden=\"true\" class=\"wp-block-spacer\"><\/div>\n\n\n\n<hr class=\"wp-block-separator has-alpha-channel-opacity\"\/>\n\n\n\n<div style=\"height:20px\" aria-hidden=\"true\" class=\"wp-block-spacer\"><\/div>\n\n\n\n<div class=\"wp-block-group alignwide has-global-padding is-layout-constrained wp-block-group-is-layout-constrained\">\n<div class=\"wp-block-columns alignwide is-layout-flex wp-container-core-columns-is-layout-28f84493 wp-block-columns-is-layout-flex\">\n<div class=\"wp-block-column is-vertically-aligned-top is-layout-flow wp-block-column-is-layout-flow\">\n<h2 class=\"wp-block-heading has-text-align-right\"><strong>Projet BOP<\/strong><\/h2>\n\n\n\n<h2 class=\"wp-block-heading has-text-align-left has-small-font-size\">Cr\u00e9ation d&rsquo;une application et d&rsquo;un site web sur les <strong>bons plans nantais<br>(pour manger et sortir)<\/strong>.<\/h2>\n\n\n\n<p class=\"is-style-text-annotation has-small-font-size is-style-text-annotation--3\">\u2192 Site web r\u00e9alis\u00e9 avec WIX.<br>\u2192 Application avec XD.<\/p>\n\n\n\n<p class=\"has-text-align-left is-style-text-annotation has-small-font-size is-style-text-annotation--4\">\u2192 Communication digitale sur Canva.<\/p>\n<\/div>\n\n\n\n<div class=\"wp-block-column is-layout-flow wp-block-column-is-layout-flow\" style=\"flex-basis:150px\">\n<figure class=\"wp-block-video\"><video height=\"1606\" style=\"aspect-ratio: 888 \/ 1606;\" width=\"888\" autoplay loop muted src=\"https:\/\/portfoliodelounamarin.com\/wp-content\/uploads\/2026\/01\/ScreenRecording_01-14-2026-22-50-06_1.mov\" playsinline><\/video><\/figure>\n<\/div>\n\n\n\n<div class=\"wp-block-column is-layout-flow wp-block-column-is-layout-flow\" style=\"flex-basis:150px\">\n<figure class=\"wp-block-video\"><video height=\"1608\" style=\"aspect-ratio: 888 \/ 1608;\" width=\"888\" autoplay loop muted src=\"https:\/\/portfoliodelounamarin.com\/wp-content\/uploads\/2026\/01\/ScreenRecording_01-14-2026-22-51-49_1.mov\" playsinline><\/video><\/figure>\n<\/div>\n\n\n\n<div class=\"wp-block-column is-layout-flow wp-block-column-is-layout-flow\" style=\"flex-basis:500px\">\n<figure data-wp-context=\"{&quot;imageId&quot;:&quot;69d454eb9b52b&quot;}\" data-wp-interactive=\"core\/image\" data-wp-key=\"69d454eb9b52b\" class=\"wp-block-image size-large has-custom-border wp-lightbox-container\"><img loading=\"lazy\" decoding=\"async\" width=\"1024\" height=\"576\" data-wp-class--hide=\"state.isContentHidden\" data-wp-class--show=\"state.isContentVisible\" data-wp-init=\"callbacks.setButtonStyles\" data-wp-on--click=\"actions.showLightbox\" data-wp-on--load=\"callbacks.setButtonStyles\" data-wp-on-window--resize=\"callbacks.setButtonStyles\" src=\"https:\/\/portfoliodelounamarin.com\/wp-content\/uploads\/2026\/01\/Appli-BOP-exemple-portefolio-1024x576.png\" alt=\"\" class=\"wp-image-601\" style=\"border-top-left-radius:30px;border-top-right-radius:30px;border-bottom-left-radius:30px;border-bottom-right-radius:30px\" title=\"\" srcset=\"https:\/\/portfoliodelounamarin.com\/wp-content\/uploads\/2026\/01\/Appli-BOP-exemple-portefolio-1024x576.png 1024w, https:\/\/portfoliodelounamarin.com\/wp-content\/uploads\/2026\/01\/Appli-BOP-exemple-portefolio-300x169.png 300w, https:\/\/portfoliodelounamarin.com\/wp-content\/uploads\/2026\/01\/Appli-BOP-exemple-portefolio-768x432.png 768w, https:\/\/portfoliodelounamarin.com\/wp-content\/uploads\/2026\/01\/Appli-BOP-exemple-portefolio-1536x864.png 1536w, https:\/\/portfoliodelounamarin.com\/wp-content\/uploads\/2026\/01\/Appli-BOP-exemple-portefolio.png 1920w\" sizes=\"auto, (max-width: 1024px) 100vw, 1024px\" \/><button\n\t\t\tclass=\"lightbox-trigger\"\n\t\t\ttype=\"button\"\n\t\t\taria-haspopup=\"dialog\"\n\t\t\taria-label=\"Agrandir\"\n\t\t\tdata-wp-init=\"callbacks.initTriggerButton\"\n\t\t\tdata-wp-on--click=\"actions.showLightbox\"\n\t\t\tdata-wp-style--right=\"state.imageButtonRight\"\n\t\t\tdata-wp-style--top=\"state.imageButtonTop\"\n\t\t>\n\t\t\t<svg xmlns=\"http:\/\/www.w3.org\/2000\/svg\" width=\"12\" height=\"12\" fill=\"none\" viewBox=\"0 0 12 12\">\n\t\t\t\t<path fill=\"#fff\" d=\"M2 0a2 2 0 0 0-2 2v2h1.5V2a.5.5 0 0 1 .5-.5h2V0H2Zm2 10.5H2a.5.5 0 0 1-.5-.5V8H0v2a2 2 0 0 0 2 2h2v-1.5ZM8 12v-1.5h2a.5.5 0 0 0 .5-.5V8H12v2a2 2 0 0 1-2 2H8Zm2-12a2 2 0 0 1 2 2v2h-1.5V2a.5.5 0 0 0-.5-.5H8V0h2Z\" \/>\n\t\t\t<\/svg>\n\t\t<\/button><\/figure>\n<\/div>\n<\/div>\n<\/div>\n\n\n\n<div style=\"height:20px\" aria-hidden=\"true\" class=\"wp-block-spacer\"><\/div>\n\n\n\n<hr class=\"wp-block-separator has-alpha-channel-opacity\"\/>\n\n\n\n<div style=\"height:20px\" aria-hidden=\"true\" class=\"wp-block-spacer\"><\/div>\n\n\n\n<div class=\"wp-block-group alignwide has-global-padding is-layout-constrained wp-block-group-is-layout-constrained\">\n<div class=\"wp-block-columns alignwide is-layout-flex wp-container-core-columns-is-layout-28f84493 wp-block-columns-is-layout-flex\">\n<div class=\"wp-block-column is-layout-flow wp-block-column-is-layout-flow\" style=\"flex-basis:500px\">\n<figure class=\"wp-block-video\"><video height=\"798\" style=\"aspect-ratio: 1820 \/ 798;\" width=\"1820\" autoplay controls loop muted src=\"https:\/\/portfoliodelounamarin.com\/wp-content\/uploads\/2026\/01\/video-musique.mp4\" playsinline><\/video><\/figure>\n<\/div>\n\n\n\n<div class=\"wp-block-column is-vertically-aligned-center is-layout-flow wp-block-column-is-layout-flow\">\n<h2 class=\"wp-block-heading\"><strong>Site web informatif<\/strong><\/h2>\n\n\n\n<blockquote class=\"wp-block-quote is-layout-flow wp-block-quote-is-layout-flow\">\n<h2 class=\"wp-block-heading has-small-font-size\">R\u00e9alisation d&rsquo;un <strong>blog sur les plateformes de musique en ligne<\/strong>, contenant un historique, des articles, des donn\u00e9es chiffr\u00e9es, des infographies.<\/h2>\n<\/blockquote>\n\n\n\n<p class=\"is-style-text-annotation has-small-font-size is-style-text-annotation--5\">\u2192 Site web r\u00e9alis\u00e9 avec WIX.<\/p>\n<\/div>\n<\/div>\n<\/div>\n\n\n\n<div style=\"height:20px\" aria-hidden=\"true\" class=\"wp-block-spacer\"><\/div>\n\n\n\n<hr class=\"wp-block-separator has-alpha-channel-opacity\"\/>\n\n\n\n<div style=\"height:20px\" aria-hidden=\"true\" class=\"wp-block-spacer\"><\/div>\n\n\n\n<div class=\"wp-block-group alignwide has-global-padding is-layout-constrained wp-block-group-is-layout-constrained\">\n<div class=\"wp-block-columns alignwide is-layout-flex wp-container-core-columns-is-layout-28f84493 wp-block-columns-is-layout-flex\">\n<div class=\"wp-block-column is-vertically-aligned-center is-layout-flow wp-block-column-is-layout-flow\">\n<h2 class=\"wp-block-heading has-text-align-left\"><strong>Montage vid\u00e9o<\/strong><\/h2>\n\n\n\n<blockquote class=\"wp-block-quote is-layout-flow wp-block-quote-is-layout-flow\">\n<h2 class=\"wp-block-heading has-small-font-size\">Dans le cadre d&rsquo;un cours de pratique audiovisuelle, nous avons r\u00e9alis\u00e9 une vid\u00e9o publicitaire par groupe de 3. Elle est destin\u00e9e \u00e0 <strong>promouvoir une friterie belge bas\u00e9e \u00e0 Nantes : \u00ab\u00a0Le Diable Rouge\u00a0\u00bb<\/strong>. La vid\u00e9o d&rsquo;origine contient du son avec une musique et une voix off.<\/h2>\n<\/blockquote>\n\n\n\n<p class=\"is-style-text-annotation has-small-font-size is-style-text-annotation--6\">\u2192 Montage r\u00e9alis\u00e9 avec CapCut.<\/p>\n\n\n\n<p class=\"is-style-text-annotation has-small-font-size is-style-text-annotation--7\">\u2192 Outils : t\u00e9l\u00e9phone, stabilisateur, micro-cravate.<\/p>\n<\/div>\n\n\n\n<div class=\"wp-block-column is-layout-flow wp-block-column-is-layout-flow\" style=\"flex-basis:500px\">\n<figure class=\"wp-block-video\"><video height=\"720\" style=\"aspect-ratio: 1280 \/ 720;\" width=\"1280\" autoplay controls loop muted src=\"https:\/\/portfoliodelounamarin.com\/wp-content\/uploads\/2026\/01\/Vide_o_Friterie_Wandrille-Louna-Evan.mp4\" playsinline><\/video><\/figure>\n<\/div>\n<\/div>\n<\/div>\n\n\n\n<p><\/p>\n","protected":false},"excerpt":{"rendered":"<p>Explorez mes r\u00e9alisations num\u00e9riques : sites web, applications, contenus pour les r\u00e9seaux sociaux et montages vid\u00e9os. Ces projets montrent ma ma\u00eetrise des outils digitaux et des formats actuels de communication. MES MEILLEURS CONTENUS SUR LES R\u00c9SEAUX SOCIAUX(stories et publications) Contenus Insta\u2192 association sportive l&rsquo;ADDAN Contenus Instagram\u2192 BDE Tiger&rsquo;s Hood Contenus Insta et Facebook\u2192 association d&rsquo;\u0153nologie [&hellip;]<\/p>\n","protected":false},"author":1,"featured_media":0,"parent":29,"menu_order":0,"comment_status":"closed","ping_status":"closed","template":"","meta":{"_themeisle_gutenberg_block_has_review":false,"footnotes":""},"class_list":["post-290","page","type-page","status-publish","hentry"],"_links":{"self":[{"href":"https:\/\/portfoliodelounamarin.com\/index.php?rest_route=\/wp\/v2\/pages\/290","targetHints":{"allow":["GET"]}}],"collection":[{"href":"https:\/\/portfoliodelounamarin.com\/index.php?rest_route=\/wp\/v2\/pages"}],"about":[{"href":"https:\/\/portfoliodelounamarin.com\/index.php?rest_route=\/wp\/v2\/types\/page"}],"author":[{"embeddable":true,"href":"https:\/\/portfoliodelounamarin.com\/index.php?rest_route=\/wp\/v2\/users\/1"}],"replies":[{"embeddable":true,"href":"https:\/\/portfoliodelounamarin.com\/index.php?rest_route=%2Fwp%2Fv2%2Fcomments&post=290"}],"version-history":[{"count":63,"href":"https:\/\/portfoliodelounamarin.com\/index.php?rest_route=\/wp\/v2\/pages\/290\/revisions"}],"predecessor-version":[{"id":866,"href":"https:\/\/portfoliodelounamarin.com\/index.php?rest_route=\/wp\/v2\/pages\/290\/revisions\/866"}],"up":[{"embeddable":true,"href":"https:\/\/portfoliodelounamarin.com\/index.php?rest_route=\/wp\/v2\/pages\/29"}],"wp:attachment":[{"href":"https:\/\/portfoliodelounamarin.com\/index.php?rest_route=%2Fwp%2Fv2%2Fmedia&parent=290"}],"curies":[{"name":"wp","href":"https:\/\/api.w.org\/{rel}","templated":true}]}}