{"id":2,"date":"2025-11-07T17:43:57","date_gmt":"2025-11-07T16:43:57","guid":{"rendered":"https:\/\/438255.cms-pedago.uco.fr\/?page_id=2"},"modified":"2026-03-01T22:46:26","modified_gmt":"2026-03-01T21:46:26","slug":"page-d-exemple","status":"publish","type":"page","link":"https:\/\/portfoliodelounamarin.com\/?page_id=2","title":{"rendered":"Exp\u00e9riences pro"},"content":{"rendered":"\n<div style=\"height:10px\" aria-hidden=\"true\" class=\"wp-block-spacer\"><\/div>\n\n\n\n<div id=\"wp-block-themeisle-blocks-timeline-1d25ecf8\" class=\"wp-block-themeisle-blocks-timeline alignwide\"><div class=\"o-timeline-root\">\n<div id=\"wp-block-themeisle-blocks-timeline-item-704abbec\" class=\"wp-block-themeisle-blocks-timeline-item\"><div class=\"o-timeline-container\"><div class=\"o-timeline-icon\"><i class=\"fas fa-arrow-left\"><\/i><\/div><div class=\"o-timeline-content\">\n<p class=\"is-style-text-annotation has-contrast-color has-text-color has-link-color has-small-font-size wp-elements-0f5e690919463f5ee8d22701c4c15b4f is-style-text-annotation--1\">1 mois, juin 2024 &#8211; CFA Intelligence Apprentie, Campus de Nantes<\/p>\n\n\n\n<h3 class=\"wp-block-heading has-contrast-color has-text-color has-link-color wp-elements-00f36ed06aebbfe30ca1b625b8cc0b31\"><strong>Assistante charg\u00e9e de communication<\/strong><\/h3>\n\n\n\n<h2 class=\"wp-block-heading has-contrast-color has-text-color has-link-color has-small-font-size wp-elements-a22c839eabde0f8cd5f0907240132956\"><strong>Dans le cadre de la validation de ma L1 de licence en Information et Communication, j\u2019ai r\u00e9alis\u00e9 mon premier stage en communication.<\/strong><\/h2>\n<\/div><\/div><\/div>\n<\/div><\/div>\n\n\n\n<div id=\"wp-block-themeisle-blocks-flip-d44a5fbb\" class=\"wp-block-themeisle-blocks-flip anim flipY has-dark-back-bg has-dark-front-bg\"><div class=\"o-flip-inner\"><div class=\"o-flip-front\"><div class=\"o-flip-content\"><img decoding=\"async\" class=\"o-img\" src=\"https:\/\/portfoliodelounamarin.com\/wp-content\/uploads\/2026\/01\/ia-intelligence-apprenti-logo.png\" srcset=\"https:\/\/portfoliodelounamarin.com\/wp-content\/uploads\/2026\/01\/ia-intelligence-apprenti-logo.png\" alt=\"\" title=\"\"><h3><strong>Mon r\u00f4le et mes missions au sein du service com&rsquo; de l&rsquo;IA<\/strong><\/h3><p>J\u2019ai int\u00e9gr\u00e9 un service communication structur\u00e9, ce qui m\u2019a permis de d\u00e9couvrir concr\u00e8tement les enjeux de la communication interne et externe au sein d\u2019un centre de formation en alternance. Encadr\u00e9e par la responsable communication Ma\u00eflyz Marchaland, j\u2019ai r\u00e9alis\u00e9 un stage dans un environnement professionnel dynamique, collaboratif et formateur, qui a favoris\u00e9 mon apprentissage et ma mont\u00e9e en comp\u00e9tences. Je me suis rapidement sentie int\u00e9gr\u00e9e au sein de l\u2019\u00e9quipe, qui m\u2019a confi\u00e9 des missions vari\u00e9es et compl\u00e8tes peu de temps apr\u00e8s mon arriv\u00e9e.<br><br>Tout au long de ce stage, j\u2019ai assist\u00e9 l\u2019\u00e9quipe communication dans la gestion de projets vari\u00e9s, en intervenant sur diff\u00e9rents supports de communication, aussi bien num\u00e9riques qu\u2019imprim\u00e9s. J\u2019ai notamment particip\u00e9 \u00e0 la cr\u00e9ation et \u00e0 la mise \u00e0 jour de supports internes, \u00e0 la conception de visuels, \u00e0 la pr\u00e9paration d\u2019\u00e9v\u00e9nements ainsi qu\u2019\u00e0 des projets de communication externe et digitale. Ces missions m\u2019ont permis de mobiliser mes comp\u00e9tences cr\u00e9atives, d\u2019utiliser les outils de la Suite Adobe, et de mieux comprendre les exigences du monde professionnel li\u00e9es \u00e0 la coh\u00e9rence graphique, aux d\u00e9lais et au travail en \u00e9quipe.<\/p><\/div><\/div><div class=\"o-flip-back\">\n<h3 class=\"wp-block-heading has-accent-3-color has-text-color has-link-color has-large-font-size wp-elements-09ba144c49441093cb74fd1eefec6591\"><strong>Cette premi\u00e8re exp\u00e9rience m\u2019a permis de confirmer +++ mon int\u00e9r\u00eat pour le domaine de la communication, d\u2019am\u00e9liorer mon autonomie et la confiance en mes capacit\u00e9s.<\/strong><\/h3>\n\n\n\n<div style=\"height:5px\" aria-hidden=\"true\" class=\"wp-block-spacer\"><\/div>\n\n\n\n<p class=\"has-contrast-color has-text-color has-link-color has-small-font-size wp-elements-b8251ce00e842c8342c1cc440e48e23a\">Les r\u00e9alisations effectu\u00e9es durant ce stage sont pr\u00e9sent\u00e9es plus en d\u00e9tail dans la section \u00ab Projets de stage \u00bb, accessible via le bouton ci-dessous.<\/p>\n\n\n\n<div style=\"height:2px\" aria-hidden=\"true\" class=\"wp-block-spacer\"><\/div>\n\n\n\n<hr class=\"wp-block-separator has-text-color has-contrast-color has-alpha-channel-opacity has-contrast-background-color has-background is-style-default\" style=\"margin-top:0;margin-bottom:0\"\/>\n\n\n\n<div style=\"height:25px\" aria-hidden=\"true\" class=\"wp-block-spacer\"><\/div>\n\n\n\n<div class=\"wp-block-columns is-layout-flex wp-container-core-columns-is-layout-28f84493 wp-block-columns-is-layout-flex\">\n<div class=\"wp-block-column is-layout-flow wp-block-column-is-layout-flow\">\n<div class=\"wp-block-file has-accent-4-background-color has-background has-link-color wp-elements-212df4574318abe247ab470cfb9c9741\" style=\"border-top-left-radius:30px;border-top-right-radius:30px;border-bottom-left-radius:30px;border-bottom-right-radius:30px;padding-top:var(--wp--preset--spacing--30);padding-bottom:var(--wp--preset--spacing--30)\"><a id=\"wp-block-file--media-2c156940-b1ba-40df-8311-71aa4321a3cd\" href=\"https:\/\/portfoliodelounamarin.com\/wp-content\/uploads\/2026\/01\/Rapport-de-stage-fini-Louna-MARIN.pdf\">Rapport de stage 2024 CFA IA &#8211; Louna Marin<\/a><a href=\"https:\/\/portfoliodelounamarin.com\/wp-content\/uploads\/2026\/01\/Rapport-de-stage-fini-Louna-MARIN.pdf\" class=\"wp-block-file__button wp-element-button\" download aria-describedby=\"wp-block-file--media-2c156940-b1ba-40df-8311-71aa4321a3cd\">T\u00e9l\u00e9charger<\/a><\/div>\n<\/div>\n<\/div>\n\n\n\n<hr class=\"wp-block-separator has-text-color has-contrast-color has-alpha-channel-opacity has-contrast-background-color has-background\"\/>\n\n\n\n<div style=\"height:20px\" aria-hidden=\"true\" class=\"wp-block-spacer\"><\/div>\n\n\n\n<div class=\"wp-block-buttons is-content-justification-center is-layout-flex wp-container-core-buttons-is-layout-a89b3969 wp-block-buttons-is-layout-flex\">\n<div class=\"wp-block-button is-style-fill\"><a class=\"wp-block-button__link has-accent-4-color has-text-color has-link-color has-text-align-center wp-element-button\" href=\"https:\/\/portfoliodelounamarin.com\/?page_id=320\"><strong>Voir mes projets \u00e0 l&rsquo;IA<\/strong><\/a><\/div>\n<\/div>\n<\/div><\/div><\/div>\n\n\n\n<div id=\"wp-block-themeisle-blocks-timeline-3e6e4ced\" class=\"wp-block-themeisle-blocks-timeline alignwide is-reverse\"><div class=\"o-timeline-root\">\n<div id=\"wp-block-themeisle-blocks-timeline-item-4cbd86b9\" class=\"wp-block-themeisle-blocks-timeline-item\"><div class=\"o-timeline-container\"><div class=\"o-timeline-icon\"><i class=\"fas fa-arrow-right\"><\/i><\/div><div class=\"o-timeline-content\">\n<p class=\"is-style-text-annotation has-contrast-color has-text-color has-link-color has-small-font-size wp-elements-679f0adaae6b2bd37ce28bc2331526d4 is-style-text-annotation--2\">1 mois et demi, mai-juin 2025  &#8211;  Soci\u00e9t\u00e9 Matias Drone<\/p>\n\n\n\n<h3 class=\"wp-block-heading has-contrast-color has-text-color has-link-color wp-elements-6e04c3c4915b15d2e4f8f37f4b1ad3a4\"><strong>Charg\u00e9e de communication digitale<\/strong><\/h3>\n\n\n\n<h2 class=\"wp-block-heading has-accent-3-color has-text-color has-link-color has-small-font-size wp-elements-b2bacf4c43f7f8774d16571e3092aaf8\"><strong>Dans le cadre de la validation de ma L2 de licence en Information et Communication, j\u2019ai r\u00e9alis\u00e9 mon second stage en com&rsquo; digitale.<\/strong><\/h2>\n<\/div><\/div><\/div>\n<\/div><\/div>\n\n\n\n<div id=\"wp-block-themeisle-blocks-flip-d019a37c\" class=\"wp-block-themeisle-blocks-flip anim flipY has-dark-back-bg has-dark-front-bg\"><div class=\"o-flip-inner\"><div class=\"o-flip-front\"><div class=\"o-flip-content\"><img decoding=\"async\" class=\"o-img\" src=\"https:\/\/portfoliodelounamarin.com\/wp-content\/uploads\/2026\/01\/Logo-Matias-Drone_Noir-fond-transparent-1.png\" srcset=\"https:\/\/portfoliodelounamarin.com\/wp-content\/uploads\/2026\/01\/Logo-Matias-Drone_Noir-fond-transparent-1.png\" alt=\"\" title=\"\"><h3><strong>Mon r\u00f4le et mes missions chez Matias Drone<\/strong><\/h3><p>J\u2019ai int\u00e9gr\u00e9 une structure entrepreneuriale sp\u00e9cialis\u00e9e dans les prestations photographiques et vid\u00e9o par drone, ce qui m\u2019a permis de d\u00e9couvrir les enjeux de la communication au sein d\u2019une tr\u00e8s petite entreprise. Encadr\u00e9e par Matias Lombardo, fondateur et dirigeant de la soci\u00e9t\u00e9, j\u2019ai effectu\u00e9 mon stage dans un environnement professionnel autonome, flexible et responsabilisant, ce qui a favoris\u00e9 une approche proche de celle d\u2019un prestataire ou d\u2019un freelance. Cette exp\u00e9rience m\u2019a rapidement plac\u00e9e dans une posture de confiance, avec des missions \u00e0 responsabilit\u00e9s, confi\u00e9es d\u00e8s le d\u00e9but du stage.<br><br>Durant ce stage, j\u2019ai pris en charge la r\u00e9flexion et la mise en place de la communication digitale de l\u2019entreprise, en travaillant sur diff\u00e9rents supports num\u00e9riques. J\u2019ai notamment con\u00e7u une direction artistique compl\u00e8te et une charte graphique, particip\u00e9 \u00e0 la refonte de l\u2019identit\u00e9 visuelle, d\u00e9clin\u00e9 cet univers graphique sur les r\u00e9seaux sociaux et r\u00e9alis\u00e9 la refonte du site web. Ces missions m\u2019ont permis de mobiliser mes comp\u00e9tences cr\u00e9atives, d\u2019utiliser les outils de la Suite Adobe et de Wix, et de mieux comprendre les exigences li\u00e9es \u00e0 la coh\u00e9rence visuelle, \u00e0 l\u2019organisation du travail en autonomie et \u00e0 la gestion de projets de communication digitale.<br><br><\/p><\/div><\/div><div class=\"o-flip-back\">\n<h3 class=\"wp-block-heading has-dark-back-bg has-dark-front-bg has-accent-3-color has-text-color has-link-color has-large-font-size wp-elements-c334cfc6ca605ef79522dc84bd74cdb3\"><strong><strong>Cette seconde exp\u00e9rience m\u2019a permis d\u2019affiner mes r\u00e9flexions quant \u00e0 mon avenir professionnel. Le travail en autonomie, la gestion compl\u00e8te de projets et le fonctionnement proche de celui d\u2019un freelance m\u2019ont permis de constater que ce mode d\u2019organisation me pourrait correspondre. Ce stage a renforc\u00e9 mon envie d\u2019\u00e9voluer, \u00e0 terme, vers un fonctionnement plus entrepreneurial, et d\u2019envisager la possibilit\u00e9 de me lancer en freelance apr\u00e8s mes \u00e9tudes. C&rsquo;est un cadre qui valorise l\u2019initiative, la polyvalence et la libert\u00e9 cr\u00e9ative.<\/strong><\/strong><\/h3>\n\n\n\n<div style=\"height:5px\" aria-hidden=\"true\" class=\"wp-block-spacer\"><\/div>\n\n\n\n<p class=\"has-contrast-color has-text-color has-link-color has-small-font-size wp-elements-b8251ce00e842c8342c1cc440e48e23a\">Les r\u00e9alisations effectu\u00e9es durant ce stage sont pr\u00e9sent\u00e9es plus en d\u00e9tail dans la section \u00ab Projets de stage \u00bb, accessible via le bouton ci-dessous.<\/p>\n\n\n\n<div style=\"height:3px\" aria-hidden=\"true\" class=\"wp-block-spacer\"><\/div>\n\n\n\n<hr class=\"wp-block-separator has-text-color has-contrast-color has-alpha-channel-opacity has-contrast-background-color has-background\"\/>\n\n\n\n<div style=\"height:20px\" aria-hidden=\"true\" class=\"wp-block-spacer\"><\/div>\n\n\n\n<div class=\"wp-block-file has-accent-4-background-color has-background has-link-color wp-elements-d41cdbb13986799971928c328956282e\" style=\"border-top-left-radius:30px;border-top-right-radius:30px;border-bottom-left-radius:30px;border-bottom-right-radius:30px;padding-top:var(--wp--preset--spacing--30);padding-bottom:var(--wp--preset--spacing--30)\"><a id=\"wp-block-file--media-f1a89a93-076c-4ed3-83dd-dfeb3a695f9a\" href=\"https:\/\/portfoliodelounamarin.com\/wp-content\/uploads\/2026\/01\/Rapport-de-stage-2025-Matias-Drone-Louna-Marin.pdf\">Rapport de stage 2025 Matias Drone &#8211; Louna Marin<\/a><a href=\"https:\/\/portfoliodelounamarin.com\/wp-content\/uploads\/2026\/01\/Rapport-de-stage-2025-Matias-Drone-Louna-Marin.pdf\" class=\"wp-block-file__button wp-element-button\" download aria-describedby=\"wp-block-file--media-f1a89a93-076c-4ed3-83dd-dfeb3a695f9a\">T\u00e9l\u00e9charger<\/a><\/div>\n\n\n\n<div style=\"height:2px\" aria-hidden=\"true\" class=\"wp-block-spacer\"><\/div>\n\n\n\n<div style=\"height:20px\" aria-hidden=\"true\" class=\"wp-block-spacer\"><\/div>\n\n\n\n<hr class=\"wp-block-separator has-text-color has-contrast-color has-alpha-channel-opacity has-contrast-background-color has-background\"\/>\n\n\n\n<div style=\"height:20px\" aria-hidden=\"true\" class=\"wp-block-spacer\"><\/div>\n\n\n\n<div class=\"wp-block-columns is-layout-flex wp-container-core-columns-is-layout-28f84493 wp-block-columns-is-layout-flex\">\n<div class=\"wp-block-column is-layout-flow wp-block-column-is-layout-flow\" style=\"flex-basis:100%\">\n<div class=\"wp-block-buttons is-content-justification-center is-layout-flex wp-container-core-buttons-is-layout-a89b3969 wp-block-buttons-is-layout-flex\">\n<div class=\"wp-block-button is-style-fill\"><a class=\"wp-block-button__link has-accent-4-color has-text-color has-link-color wp-element-button\" href=\"https:\/\/portfoliodelounamarin.com\/?page_id=320\"><strong>Voir mes projets chez Matias Drone<\/strong><\/a><\/div>\n<\/div>\n<\/div>\n<\/div>\n<\/div><\/div><\/div>\n\n\n\n<div id=\"wp-block-themeisle-blocks-font-awesome-icons-a12cd532\" class=\"wp-block-themeisle-blocks-font-awesome-icons\"><span class=\"wp-block-themeisle-blocks-font-awesome-icons-container\"><i class=\"fas fa-arrow-down\"><\/i><\/span><\/div>\n\n\n\n<h1 class=\"wp-block-heading has-text-align-center is-style-text-annotation has-contrast-color has-accent-4-background-color has-text-color has-background has-link-color has-medium-font-size wp-elements-8aedb49ae5b24c353f9dc328fad608aa is-style-text-annotation--3\">Afin d\u2019enrichir mon profil, je me suis investiE dans diff\u00e9rents engagements associatifs depuis 2024 :<\/h1>\n\n\n\n<h3 class=\"wp-block-heading alignwide has-text-align-left is-style-text-annotation has-contrast-color has-accent-4-background-color has-text-color has-background has-link-color has-small-font-size wp-elements-25bf245de1a564fe7c120f2db4ffeff4 is-style-text-annotation--4\">1.  au sein du p\u00f4le communication du <strong>BDE Tiger\u2019s Hood<\/strong><br>2. au sein de l\u2019association sportive <strong>ADDAN <\/strong>(Art du D\u00e9placement Academy Nantes)<br>3. au sein de l\u2019association d\u2019\u0153nologie <strong>Vertivin<\/strong><\/h3>\n\n\n\n<div class=\"wp-block-buttons is-content-justification-center is-layout-flex wp-container-core-buttons-is-layout-a89b3969 wp-block-buttons-is-layout-flex\">\n<div class=\"wp-block-button\"><a class=\"wp-block-button__link wp-element-button\" href=\"https:\/\/portfoliodelounamarin.com\/?page_id=322\"><strong>En savoir plus sur mes b\u00e9n\u00e9volats<\/strong><\/a><\/div>\n<\/div>\n\n\n\n<p><\/p>\n","protected":false},"excerpt":{"rendered":"<p>Afin d\u2019enrichir mon profil, je me suis investiE dans diff\u00e9rents engagements associatifs depuis 2024 : 1. au sein du p\u00f4le communication du BDE Tiger\u2019s Hood2. au sein de l\u2019association sportive ADDAN (Art du D\u00e9placement Academy Nantes)3. au sein de l\u2019association d\u2019\u0153nologie Vertivin<\/p>\n","protected":false},"author":1,"featured_media":0,"parent":0,"menu_order":0,"comment_status":"closed","ping_status":"open","template":"","meta":{"_themeisle_gutenberg_block_has_review":false,"footnotes":""},"class_list":["post-2","page","type-page","status-publish","hentry"],"_links":{"self":[{"href":"https:\/\/portfoliodelounamarin.com\/index.php?rest_route=\/wp\/v2\/pages\/2","targetHints":{"allow":["GET"]}}],"collection":[{"href":"https:\/\/portfoliodelounamarin.com\/index.php?rest_route=\/wp\/v2\/pages"}],"about":[{"href":"https:\/\/portfoliodelounamarin.com\/index.php?rest_route=\/wp\/v2\/types\/page"}],"author":[{"embeddable":true,"href":"https:\/\/portfoliodelounamarin.com\/index.php?rest_route=\/wp\/v2\/users\/1"}],"replies":[{"embeddable":true,"href":"https:\/\/portfoliodelounamarin.com\/index.php?rest_route=%2Fwp%2Fv2%2Fcomments&post=2"}],"version-history":[{"count":59,"href":"https:\/\/portfoliodelounamarin.com\/index.php?rest_route=\/wp\/v2\/pages\/2\/revisions"}],"predecessor-version":[{"id":942,"href":"https:\/\/portfoliodelounamarin.com\/index.php?rest_route=\/wp\/v2\/pages\/2\/revisions\/942"}],"wp:attachment":[{"href":"https:\/\/portfoliodelounamarin.com\/index.php?rest_route=%2Fwp%2Fv2%2Fmedia&parent=2"}],"curies":[{"name":"wp","href":"https:\/\/api.w.org\/{rel}","templated":true}]}}